t is the units digit of a?
1
Let g(f) = f**3 + 15*f**2 + 3*f - 32. What is the tens digit of g(-14)?
2
Suppose 0 = c - 29 - 49. What is the units digit of c?
8
Let i(t) = 3 + 4*t - t**3 + 3*t**2 + 4 - 2. Let h(d) = -d**2 + 7*d + 4. Let s be h(7). What is the units digit of i(s)?
5
Let y be 10/(-4)*8/(-10). Suppose 2*j + 360 = -0*j. What is the units digit of y/(-11) + j/(-22)?
8
What is the units digit of (2 + 8/6)/(1/39)?
0
Suppose r + w - 6 = 0, 5*r + 0*r + 3*w = 20. Let y be (r/(-1) + 0)*0. Suppose -a + y*a = -14. What is the tens digit of a?
1
Let m be ((-1)/(-3))/((-1)/(-6)). Let b be (-6)/(-2) - (m - -3). Let q = 3 + b. What is the units digit of q?
1
Let z(l) = -3*l**3 + l**2 + 2*l - 1. Let q be z(-2). Let p = -2 + q. What is the units digit of p?
1
Let z(m) = 61*m. What is the units digit of z(4)?
4
Suppose -2*h - 3 = -5. Let u(l) = l**3 - 2*l + 1. Let k be u(h). Suppose 4*g - 19 - 5 = k. What is the units digit of g?
6
Let p(q) = 18*q - 35. What is the units digit of p(4)?
7
Let o(t) = -2*t - 6. What is the tens digit of o(-8)?
1
Let d be (-6 + 4)/(2/(-4)). Suppose -d*k - 2*w + 4 = -3*w, -3*k = -5*w + 14. What is the tens digit of 3 + -1 - (-11 - k)?
1
Let r(q) = -q**3 + 9*q**2 - 7*q - 8. Let v be r(8). Suppose 5*a + v = -i + 10, -4*i + a + 40 = 0. What is the tens digit of i?
1
Let l(f) = -f**3 - 2*f**2 + 4*f + 5. Let w be l(-3). What is the units digit of (54/(-6))/(w/(-2))?
9
Let v = 141 + 133. What is the hundreds digit of v?
2
Let w(y) be the first derivative of 2*y**3/3 + 7*y**2/2 - y - 4. What is the tens digit of w(-5)?
1
Let n(h) be the first derivative of -h**6/360 + 7*h**5/120 - 2*h**3/3 + 2. Let p(q) be the third derivative of n(q). What is the units digit of p(6)?
6
Suppose 0 = 2*j + j - 5*x + 16, 13 = j + 2*x. Suppose -5*y = j*v - 3, -v - 1 = -2*y + 3*y. What is the units digit of (2 + 2)*(y - 2)?
4
Let n = -34 - -59. What is the units digit of n?
5
Suppose 0 = 5*r + 2 + 3. Let u be (8/1 - 0) + r. Let c = u - 4. What is the units digit of c?
3
Let v = -1 + 1. Suppose 3*p + o - 4 = v, 5*o + 4 = 4*p - 33. Suppose -2*x - p*x = -10. What is the units digit of x?
2
Let x(w) = 1. Let i(q) = -2*q - 4. Let l(h) = -2*i(h) + 2*x(h). What is the units digit of l(7)?
8
Let u = -68 - -78. What is the units digit of u?
0
Let m(w) = 11*w**2 + w - 2. What is the tens digit of m(-2)?
4
Let f(y) = y - 10. Let i be f(13). Suppose -4 = -x - i*x. What is the units digit of x?
1
Suppose -3*p = -p. Suppose -18 = -3*q - 5*f + 11, p = 5*q - 5*f - 115. What is the tens digit of q?
1
Let g = 344 - 198. What is the tens digit of g?
4
Suppose -4*h = y - 13, 0*y - y + 3 = -h. What is the units digit of (-16)/(-7) + h/(-7)?
2
Let v be ((-4)/6)/((-6)/(-9)). Let y be v*66*(-1)/2. Suppose o = -3*r + 7*r - y, -5*o = 25. What is the units digit of r?
7
Let j be 0/(9/3) - -3. Let r = j - 9. Let g(a) = -a**2 - 7*a + 8. What is the units digit of g(r)?
4
Let x(u) = -u + 9. Let y be x(7). What is the units digit of 13*(-3)/(-6)*y?
3
Suppose -10*w + 2653 - 413 = 0. What is the hundreds digit of w?
2
Let f = -4 + 4. Suppose 0*i - 3*a - 15 = -3*i, f = -2*i - 2*a + 6. What is the units digit of i?
4
Let k be -1*((-1 - -2) + -4). Suppose 2*h - 125 = -k*h. What is the units digit of h?
5
What is the units digit of (-2)/(-6)*(3 - 0)?
1
Suppose -8*f = -6*f + 34. Suppose 15 - 6 = -3*j. Let v = j - f. What is the units digit of v?
4
What is the tens digit of -5 + 3 - -6 - -272?
7
Let q(z) = z**2 - 2. Suppose 5*m + 2*x - 9 = 0, -3*x = 3*m - 6*x + 3. Suppose 3*o - m - 14 = -g, -4*g + 28 = 4*o. What is the units digit of q(g)?
7
What is the tens digit of 4/(4 - (-201)/(-51))?
6
Suppose -4*a + 35 = 4*l - 3*a, 0 = -a - 5. What is the tens digit of l?
1
Let m = 4 + 3. What is the units digit of m?
7
Let n = -18 - -29. Suppose n = 5*h - 29. Let r = h - 2. What is the units digit of r?
6
Suppose h + 165 = 4*s - 83, -3*s + 5*h + 169 = 0. What is the units digit of s?
3
Let k = 12 - -5. Let m = 3 - k. Let u = -8 - m. What is the units digit of u?
6
Let c(h) = -2*h - 3. Let n = -1 - 4. What is the units digit of c(n)?
7
Suppose 196 = 3*b + 4*l, -4*b - 6*l + 259 = -3*l. What is the tens digit of b?
6
Let f(u) = 2 - 1 + 2*u - 3*u. Let v be f(0). What is the units digit of 1 - (-2*4)/v?
9
Let j(r) be the second derivative of r**3/3 + 5*r**2/2 - 4*r. What is the units digit of j(15)?
5
Let v(p) = p. Let x = -15 - -24. Let i = x - -4. What is the units digit of v(i)?
3
Let r = 6 + -3. Suppose 2*i + 8 = 3*o, -6*i + o + 2 = -r*i. Suppose -i*q + 23 = 7. What is the units digit of q?
8
Let b = -28 + 16. Let f = b + 18. Let o(s) = -s**2 + 6*s + 3. What is the units digit of o(f)?
3
Let d = 2 - 1. Let h be 42*1 + (-1 - d). Suppose -5*t + h = -t. What is the units digit of t?
0
Let h = -11 - -12. Suppose -4*s - 1 + 5 = 0. Let n = s + h. What is the units digit of n?
2
Let t(c) = -c**2 - 4*c - 3. Suppose 0 = -4*f - 5 - 7. Let h be t(f). Suppose 4*k + 0 - 12 = h. What is the units digit of k?
3
Suppose -9 = -4*j - 1, -2*j + 3 = -a. Let r(u) = -2*u - 3. Let d(l) = -3*l - 4. Let f(s) = -3*d(s) + 4*r(s). What is the units digit of f(a)?
1
Suppose 9 = -2*n - 11. Let j = 27 + n. What is the tens digit of j?
1
Let v be 84 + (-1)/(-1)*-2. Suppose 0 = b - 4, 0*g - 2*g + 2*b + v = 0. Suppose 0*y + g = 5*y. What is the units digit of y?
9
Let t(g) = -15*g - 3. Let u be t(-2). Let a = u - 15. What is the units digit of a?
2
Let q = 18 + -13. Suppose -l = l + 2*b - 34, q*b + 47 = l. What is the tens digit of l?
2
Suppose -t - 111 = -4*t. What is the units digit of t?
7
Let q(n) = -n**3 - 2*n**2 - n. Let j be q(-2). Let v(a) = a**2 + 2. Let z be v(j). Let b(i) = -i + 7. What is the units digit of b(z)?
1
Suppose -2*d - 21 = -5*d. Let a(o) = o + o - d - 2. What is the units digit of a(8)?
7
Let d = 5 + -22. Let i(z) = -5*z**2 - 6*z - 1. Let w(l) = -14*l**2 - 18*l - 4. Let c(s) = d*i(s) + 6*w(s). What is the units digit of c(8)?
9
Let u = -26 - -41. Suppose -2*w + u = w. Let a = 4 + w. What is the units digit of a?
9
Let v = -127 - -181. Suppose 0 = -5*n + v + 11. What is the tens digit of n?
1
Let u(d) = 4*d**2. Let w be u(1). Let p = 6 + w. What is the tens digit of p?
1
Suppose 10*v - 8*v + 4 = 0. What is the tens digit of v*((-20)/8 + -3)?
1
Suppose s - 28 = 12. Let y = 63 - s. What is the units digit of y?
3
Let s be 2 + (-3)/((-6)/4). Suppose -15 = -s*f - f. What is the units digit of f - 2*(-1 + 2)?
1
Suppose 2*d - 11 = 65. What is the tens digit of d?
3
What is the units digit of 218/3 + (-6)/9?
2
Let d(i) = i**2 - 2. Let z be d(2). Let f(l) = 3*l**3 - l**2 - 3*l + 1. Let y be f(z). Let h = y - 10. What is the units digit of h?
5
Suppose 8*h - 11*h + 30 = 0. What is the units digit of h?
0
Let x = 4 + -1. Suppose -4*m + 2*a - x*a + 84 = 0, 0 = -3*m - 4*a + 50. What is the tens digit of m?
2
Let h(d) = -2*d - 5. Let v be h(-5). Let k(r) = -5*r + 4. Let y(a) = 4*a - 3. Let q(o) = -5*k(o) - 6*y(o). What is the units digit of q(v)?
3
Let d be (-1)/((-3)/(6 - 3)). Let h be (2 - 3) + (4 - d). Suppose 5*y - 89 = -3*c + c, 2*c - 38 = -h*y. What is the units digit of y?
7
Suppose 0 = 5*n - 2*n. What is the units digit of 12/(n - 9/(-6))?
8
Suppose 5*n = -b + 12, -3*b - 2*n = -13 + 3. Suppose -3*y - q + 96 = 0, 160 = 5*y - b*q - 3*q. What is the tens digit of y?
3
Let v(o) = 5*o + 203. What is the hundreds digit of v(0)?
2
What is the tens digit of (-512)/(-14) + (-12)/21?
3
Suppose 5*r - 72 = r. What is the tens digit of r?
1
Let u(w) be the first derivative of w**3/3 - w**2/2 + 1. Let s be 3 - 5*(1 - 0). What is the units digit of u(s)?
6
Let j = -74 + 124. Suppose j = 4*p + 2*y, -p + 7 + 13 = 3*y. What is the units digit of p?
1
Let y(u) = 2*u**3 - 11*u**2 - 4*u - 4. What is the units digit of y(6)?
8
Let d = 21 + 388. What is the hundreds digit of d?
4
Let u = 59 + 89. What is the hundreds digit of u?
1
Let w be 0*(-1)/((-2)/(-1)). Let o(k) = -k**2 - k + 31. Let r be o(w). Suppose 4 + r = 5*n. What is the units digit of n?
7
Suppose 4*z = 5*v + 492, -2*v + 369 = 3*z - 3*v. What is the tens digit of z?
2
Suppose f - 99 = -2*f. What is the units digit of f?
3
Suppose -2*t + 115 = -z, 5*t - 103 = 5*z + 192. What is the units digit of t?
6
Let i = -99 + 168. What is the units digit of (i/15 + -3)*5?
8
Let 